he greatest common factor of t and 19?
19
Let x be 8 + 1241/(-153) + (-1 - 11856/(-27)). What is the highest common factor of x and 24?
6
Let n = 1181 - -221. What is the greatest common factor of n and 2?
2
Let i(g) = -g**2 - 1. Let d(m) = -4*m**2 - 2*m + 28. Let q(r) = -d(r) + 3*i(r). Let x be q(8). Calculate the greatest common divisor of x and 28.
7
Let t(k) = k**3 + 40*k**2 - 26*k + 655. Let g be t(-41). Calculate the greatest common factor of 136 and g.
8
Let y = 1630 + -1621. Calculate the highest common factor of y and 177.
3
Let b be (21 - (0 + -1)) + (-22)/22. What is the highest common factor of b and 1701?
21
Let s = -8809 - -8846. What is the greatest common factor of 5032 and s?
37
Let t(x) = -x**3 - x**2 + 3*x + 2. Let p be t(-3). Suppose -4*s - 70 = 6*g - 9*g, -3*s + 19 = g. What is the highest common factor of g and p?
11
Let n(b) = -22*b**2 + 5*b - 2. Let h be n(1). Let f(p) = -p**3 - 20*p**2 - 22*p - 12. Let l be f(h). What is the highest common divisor of l and 135?
45
Suppose -q + 5*r = 21, -9*q = -6*q + 4*r + 139. Let m be (q*(-64)/24)/((-2)/(-6)). What is the highest common divisor of 41 and m?
41
Suppose -4*d = 2*u + 2, 3 = u - 3*d - 6. Let r(b) = -b**2 - 13*b + 54. Let t = -985 - -969. Let q be r(t). Calculate the greatest common divisor of q and u.
3
Suppose d = -126*l + 131*l + 651, d - 701 = -5*l. Calculate the highest common divisor of d and 60.
4
Suppose 47 + 17 = 16*c. Suppose 4*y = -2*a + 201 + 125, c*a + y = 624. What is the highest common factor of 31 and a?
31
Let m(q) = 12*q - 49. Let s(x) = -4*x + 138. Let d be s(31). Let p be m(d). What is the highest common divisor of p and 17?
17
Let k(m) = 1587*m - 9442. Let d be k(6). What is the highest common factor of 368 and d?
16
Suppose 4*d = 5*u - 719, -u + 2*d = -d - 135. Let j(g) = g**3 + 15*g**2 + 407*g + 6775. Let x be j(-16). Calculate the highest common divisor of u and x.
7
Suppose 4*z + 2806 = 7*r - 5736, 0 = -2*z + 6. What is the highest common divisor of r and 2?
2
Let t = 43 + -20. Let a be t*(4 + -3) + 1. Suppose 2642 = 112*h - 9*h - 9718. Calculate the highest common factor of a and h.
24
Let b = -14 - -16. Suppose -238 = -u - 3*u - b*h, 5*u - 3*h - 303 = 0. Let i = 75 + -63. What is the greatest common divisor of u and i?
12
Let r = -809 - -782. Let l = 323 - r. What is the greatest common factor of 280 and l?
70
Suppose 0 = -4*h - 16 - 0, -5*h - 180 = -5*g. Suppose -21*q = -g*q + 220. Calculate the greatest common factor of q and 340.
20
Let i = -2505 - -2529. Calculate the greatest common factor of i and 328.
8
Let t(i) = 40*i + 232. Let z be t(-5). Suppose -1438 - 938 = -27*d. Calculate the highest common factor of d and z.
8
Let l be (-234)/(-65)*5/3. Suppose l*o - 34 - 596 = 0. Suppose 75 = 4*i - 3*d, -3*i + 2*d = -d - 54. What is the highest common factor of i and o?
21
Let c(x) = 35*x - 176. Let q be c(6). Calculate the highest common factor of 50 and q.
2
Let m be 0/(-2) + 24*10. Let k = 169 - 121. What is the highest common factor of m and k?
48
Let h(x) = -32*x + 75. Let o = -262 - -262. Let s be h(o). Calculate the highest common divisor of s and 675.
75
Suppose -3*k + 5*p = 2*k - 95, 4*k - 112 = -5*p. Let a be 30/(-35) - (-4)/(-42)*-30. What is the highest common divisor of a and k?
1
Let f(t) = 97*t**2 + 5*t - 8. Let k be f(1). What is the greatest common divisor of k and 1645?
47
Let t be ((-154)/33 - -2)/((-14)/21882). What is the greatest common factor of 88 and t?
8
Suppose -h - 122 = -3*w, -w + 2*w = -5*h + 30. Suppose -w*v + 50*v = 200. What is the highest common factor of 260 and v?
20
Let c = -2881 - -3049. What is the highest common factor of c and 216?
24
Suppose 6*k - 50 = k. Let u(t) = -t**2 - 32*t - 123. Let d be u(-26). Let q be -1 + 2*(-2 + d/6). What is the greatest common divisor of q and k?
2
Let u = -212 - -339. Suppose -n = -145 - u. Let k(m) = 10*m**2 - 348*m - 2892. Let z be k(-7). Calculate the highest common factor of n and z.
34
Let f be 2/18 + (-5047)/63. Let p be (f/32)/(-5*2/72). Calculate the greatest common factor of p and 81.
9
Let u(h) = -5*h**3 - 44*h**2 + 113*h - 28. Let w be u(-12). What is the highest common factor of 184 and w?
184
Let j = 3060 + -2988. Calculate the greatest common factor of j and 45.
9
Let t(a) = a**2 - 86*a - 1190. Let m be t(-14). What is the greatest common factor of m and 1722?
42
Let z = -1136 + 1436. Calculate the greatest common divisor of z and 3500.
100
Suppose -64*i + 75*i = 55. Calculate the greatest common factor of 155 and i.
5
Let v be 23010/236*8/(-6). Let f = v + 538. What is the highest common factor of 34 and f?
34
Let x be (-16)/(-144)*96*(-42)/(-8). What is the greatest common divisor of 88 and x?
8
Let y = -15 + 34. Let x = 26 - y. Suppose -5*n - 14 = -2*m, -5*m + 2*n + 39 = 4. What is the highest common divisor of m and x?
7
Suppose -319 = -13*f - 332. Let o be (165/60)/(f/(-8)). Calculate the highest common factor of o and 242.
22
Suppose 81*q = 1348 + 596. Calculate the greatest common factor of 972 and q.
12
Suppose 36 - 111 = -5*a. Suppose -a*p + 1001 = -4*p. Let y = p + -83. What is the greatest common factor of 28 and y?
4
Let b = 6301 + -6297. What is the highest common divisor of b and 1800?
4
Let w be -3 + (-1 - 2 - -3). Let f be 3*(w - (-165)/9). Suppose 3*u - f = u. What is the greatest common divisor of 92 and u?
23
Suppose 3*z + 15*z - 923 = 715. Let u = 71 + -32. Calculate the greatest common factor of u and z.
13
Suppose -4*c = -5*h + 112, -6*h + 3*c - 11 + 131 = 0. Let b be 22/(-4) - (-2)/4. Let d be 719/5 + (-1)/b. What is the greatest common divisor of d and h?
16
Suppose -45*o = -47*o - 2, -3*o + 186 = 3*r. Suppose -r*h + 208 = -11*h. What is the highest common divisor of h and 68?
4
Let l(v) = -2*v + 21. Let p be l(-13). Let u be p*3*6/18. Suppose u*f - 50*f + 6 = 0. Calculate the highest common factor of f and 10.
2
Let f(d) = -672*d + 779. Let b be f(1). What is the greatest common factor of b and 15943?
107
Let w = 1906 - 1402. Calculate the highest common factor of w and 728.
56
Let r(d) = 3815*d. Let j be r(-2). Let i be (0 + 3*8/9)*(-12)/(-8). Let b be j/(-150) - i/(-30). Calculate the greatest common factor of b and 34.
17
Let b be (2 + 4)*(-11)/(22/(-4)). Let i be 41 - (b/4 - 6). Suppose 4 - i = -s. What is the highest common factor of s and 40?
40
Let x = -321 + 423. Suppose -x*y + 108*y - 504 = 0. Calculate the greatest common factor of y and 24.
12
Let g(h) = -h**3 - h**2 + h + 250. Let x be g(0). Suppose 257 - x = t. Suppose t*b + 19 = 145. Calculate the highest common divisor of 6 and b.
6
Suppose 0 = 4*n - 31 + 15. Let p be (-1)/n + 4 + (-729)/(-4). Calculate the highest common factor of 248 and p.
62
Let i = -11517 + 15993. What is the highest common divisor of 72 and i?
12
Suppose 63*m + m = 256. Calculate the highest common factor of m and 128.
4
Let f be (-638)/((-2)/1) - (-11 + -6 + 15). Calculate the greatest common divisor of 214 and f.
107
Let m(v) = -3*v - 19. Let x be m(-20). Suppose -2*r = x - 45. Suppose 0 = r*d + 1 - 15. What is the greatest common divisor of d and 7?
7
Suppose 3*s - 8 = 2*q, 1 + 11 = 2*q + 2*s. Suppose -7*d - q*d = -1539. What is the highest common divisor of d and 19?
19
Let g(w) = -w**2 + 6*w - 8. Let v be g(-4). Let u be 1/(1/22)*(-48)/v. Calculate the highest common divisor of u and 726.
22
Let p(x) = x**2 - 1. Let h be p(-8). Suppose -3*f + 90 = -h. Calculate the highest common divisor of f and 153.
51
Suppose -69*t - 3*b = -74*t + 551, 2*t - 5*b - 209 = 0. Let c(q) = -q**2 - 9*q. Let y be c(-7). Calculate the highest common factor of t and y.
14
Suppose -4*q + 11841 = 5*i, 33*i - 31*i = 4*q + 4714. Calculate the highest common divisor of 22 and i.
11
Suppose 6*p = 4*p + 3726. Suppose 6*u = 15*u - p. Suppose 0 = -2*m - 2*m + 92. Calculate the greatest common factor of m and u.
23
Suppose -2*a - 5 = -3*a. Let m = -1142 - -1145. Suppose -a = -m*l + 31. What is the greatest common factor of 12 and l?
12
Let t be (-15)/(4/12 + 0). Let v = t + 46. Let n(h) = 8*h**3 - h**2 + 1. Let r be n(v). Calculate the highest common factor of 72 and r.
8
Let q = -53 - -56. Suppose q*r + v = 277, -r + 0*v = 4*v - 85. Calculate the greatest common divisor of 62 and r.
31
Let u(j) = j**3 - 10*j**2 + 27*j -